17845 and 2905?
415
Calculate the highest common divisor of 2159 and 7874.
127
Calculate the greatest common divisor of 45 and 1055115.
45
Calculate the greatest common divisor of 527 and 13481.
17
Calculate the greatest common factor of 130 and 17238.
26
What is the highest common divisor of 9614 and 198?
22
What is the greatest common divisor of 26598 and 5709?
33
What is the highest common divisor of 136 and 4464472?
136
What is the highest common divisor of 6925 and 275?
25
What is the highest common factor of 219351 and 1122?
561
Calculate the highest common divisor of 63088 and 24.
8
Calculate the highest common factor of 13149 and 528882.
1461
Calculate the highest common factor of 107444 and 36.
4
Calculate the highest common factor of 5965 and 1802623.
1193
Calculate the highest common divisor of 170 and 1601230.
170
What is the greatest common factor of 31 and 20?
1
What is the highest common factor of 592 and 3952?
16
Calculate the greatest common divisor of 67199 and 9089.
149
Calculate the highest common divisor of 501 and 248997.
501
Calculate the highest common divisor of 118044 and 540.
108
What is the greatest common divisor of 805 and 113735?
115
What is the greatest common divisor of 512 and 18416?
16
What is the greatest common factor of 5676 and 10692?
132
Calculate the highest common factor of 4806786 and 1124.
562
Calculate the greatest common factor of 2383623 and 44.
11
Calculate the highest common factor of 178995 and 15.
15
Calculate the highest common divisor of 305888 and 1580.
316
Calculate the greatest common factor of 36 and 14600.
4
What is the highest common factor of 426659 and 331?
331
What is the highest common factor of 243 and 101?
1
What is the highest common factor of 189 and 41741?
7
What is the highest common factor of 13272 and 312?
24
Calculate the highest common divisor of 78 and 1698.
6
What is the highest common divisor of 74259 and 74?
37
What is the greatest common divisor of 30 and 1187580?
30
What is the highest common divisor of 60940 and 572?
44
Calculate the highest common divisor of 15322 and 2282.
326
Calculate the highest common factor of 10142 and 2706.
22
What is the greatest common factor of 22194 and 5076?
54
Calculate the highest common factor of 37389 and 6050.
121
Calculate the greatest common factor of 275 and 5016.
11
Calculate the greatest common divisor of 73 and 151475.
73
What is the highest common divisor of 2962281 and 21?
21
What is the highest common factor of 16 and 1400176?
16
What is the greatest common divisor of 43510 and 95?
95
What is the highest common factor of 12987 and 513?
27
What is the highest common factor of 1693766 and 46?
46
Calculate the highest common divisor of 2096858 and 94.
94
What is the greatest common factor of 1397053 and 218?
109
What is the greatest common divisor of 116511 and 6177?
213
Calculate the highest common divisor of 293566 and 14.
14
Calculate the greatest common factor of 56 and 100072.
56
What is the greatest common divisor of 325640 and 2240?
280
Calculate the highest common factor of 120875 and 625.
125
What is the highest common divisor of 2758 and 5713?
197
Calculate the greatest common divisor of 1105 and 1625.
65
Calculate the highest common divisor of 24 and 14574.
6
What is the greatest common factor of 1290 and 415810?
430
What is the greatest common divisor of 1204 and 2259607?
301
What is the greatest common factor of 67308 and 326316?
852
Calculate the greatest common divisor of 24 and 29460.
12
Calculate the greatest common factor of 2060530 and 370.
370
What is the greatest common factor of 71640 and 360?
360
Calculate the highest common factor of 3940521 and 299.
299
Calculate the greatest common divisor of 48 and 67.
1
Calculate the highest common divisor of 1275 and 239275.
425
What is the highest common factor of 2496 and 58864?
208
What is the highest common factor of 166 and 506?
2
What is the highest common divisor of 102231 and 351?
9
What is the greatest common factor of 24926 and 4598?
242
What is the greatest common factor of 62829 and 42471?
351
Calculate the greatest common factor of 121225 and 819.
13
What is the greatest common divisor of 353441 and 184?
23
Calculate the greatest common divisor of 144 and 2282304.
48
Calculate the greatest common divisor of 446944 and 96.
32
What is the greatest common divisor of 403972 and 92?
92
What is the highest common divisor of 3408 and 2436?
12
Calculate the highest common divisor of 180944 and 66048.
688
What is the highest common divisor of 1100 and 21120?
220
Calculate the highest common divisor of 386729 and 1414.
707
What is the highest common factor of 169 and 32097?
13
What is the greatest common divisor of 85739 and 747?
83
What is the highest common factor of 38 and 585200?
38
What is the highest common divisor of 1561288 and 8?
8
What is the highest common factor of 144 and 848?
16
Calculate the highest common factor of 96 and 20096.
32
What is the greatest common divisor of 374010 and 420?
210
Calculate the greatest common divisor of 207803 and 19.
19
Calculate the greatest common divisor of 4556 and 11792.
268
What is the greatest common divisor of 12 and 34764?
12
What is the greatest common divisor of 464979 and 74?
37
Calculate the highest common divisor of 2528086 and 22.
22
What is the greatest common factor of 6387 and 267?
3
What is the greatest common factor of 30 and 135390?
30
Calculate the greatest common factor of 5397 and 84.
21
Calculate the greatest common factor of 290 and 3450.
10
What is the greatest common factor of 1691 and 77444?
19
What is the greatest common divisor of 363723 and 279?
93
What is the greatest common divisor of 72116 and 1936?
484
Calculate the greatest common divisor of 20080 and 80.
80
What is the highest common divisor of 60 and 56820?
60
Calculate the greatest common divisor of 11194 and 29.
29
What is the highest common divisor of 1404 and 1898?
26
Calculate the greatest common divisor of 144 and 2126.
2
What is the greatest common factor of 1386170 and 10?
10
Calculate the greatest common divisor of 11142 and 126.
18
What is the highest common factor of 1245 and 10?
5
What is the greatest common divisor of 179 and 73211?
179
What is the highest common divisor of 32 and 716?
4
Calculate the highest common divisor of 15 and 16365.
15
Calculate the highest common divisor of 193349 and 278.
139
Calculate the greatest common divisor of 194892 and 101022.
894
What is the highest common divisor of 37105 and 82?
41
Calculate the greatest common divisor of 1849918 and 28.
14
What is the highest common factor of 81 and 321?
3
Calculate the greatest common divisor of 2454 and 2292854.
818
Calculate the greatest common factor of 2684 and 2816.
44
Calculate the greatest common factor of 212 and 505991.
53
Calculate the highest common factor of 423860 and 460.
20
What is the highest common factor of 7140 and 474180?
420
Calculate the greatest common factor of 692 and 492.
4
What is the highest common divisor of 1116 and 43307?
31
Calculate the greatest common divisor of 9672 and 45570.
186
Calculate the highest common divisor of 4399 and 1537.
53
Calculate the highest common divisor of 102560 and 5760.
160
Calculate the highest common factor of 1201 and 2235061.
1201
What is the greatest common divisor of 170329 and 71?
71
Calculate the greatest common divisor of 75848 and 5988.
1996
Calculate the greatest common factor of 18 and 1416522.
6
Calculate the highest common factor of 10466 and 4.
2
What is the highest common divisor of 1495 and 2470?
65
Calculate the greatest common factor of 836 and 4631022.
418
What is the greatest common divisor of 3157 and 1148?
287
What is the greatest common divisor of 36 and 396?
36
What is the highest common divisor of 130842 and 54?
54
Calculate the greatest common factor of 16198 and 5642.
182
Calculate the highest common divisor of 1720 and 1640.
40
Calculate the highest common divisor of 298220 and 2886.
962
What is the highest common divisor of 5454 and 95748?
606
Calculate the greatest common factor of 36985 and 130.
65
What is the highest common factor of 21 and 42931?
7
What is the greatest common factor of 30 and 2061870?
30
Calculate the greatest common divisor of 1